emainder when 21710709 is divided by 8.
5
Calculate the remainder when 280673 is divided by 729.
8
What is the remainder when 11404423 is divided by 207?
172
Calculate the remainder when 5968452 is divided by 319.
281
What is the remainder when 81169942 is divided by 276?
274
Calculate the remainder when 299981655 is divided by 913.
897
Calculate the remainder when 167401 is divided by 319.
245
What is the remainder when 8930 is divided by 3813?
1304
What is the remainder when 1441805 is divided by 1440653?
1152
What is the remainder when 30757 is divided by 480?
37
What is the remainder when 476473 is divided by 857?
838
Calculate the remainder when 721840 is divided by 714.
700
Calculate the remainder when 779625 is divided by 2062.
189
Calculate the remainder when 180117628 is divided by 6291.
7
What is the remainder when 85491 is divided by 2336?
1395
Calculate the remainder when 32040607 is divided by 8010147.
19
Calculate the remainder when 269823 is divided by 5211.
4062
What is the remainder when 621694 is divided by 373?
276
Calculate the remainder when 962844 is divided by 10698.
24
What is the remainder when 18612 is divided by 324?
144
What is the remainder when 65334 is divided by 1188?
1182
Calculate the remainder when 125146 is divided by 41681.
103
Calculate the remainder when 61247 is divided by 54747.
6500
Calculate the remainder when 3233876 is divided by 574.
534
What is the remainder when 1238154 is divided by 21?
15
What is the remainder when 254152 is divided by 1909?
255
Calculate the remainder when 211346 is divided by 42257.
61
What is the remainder when 185793 is divided by 46?
45
What is the remainder when 322910720 is divided by 15538?
4
What is the remainder when 309076 is divided by 10657?
23
Calculate the remainder when 10270868 is divided by 1044.
1040
Calculate the remainder when 2617794 is divided by 1764.
18
What is the remainder when 325539 is divided by 16275?
39
Calculate the remainder when 64923 is divided by 16112.
475
What is the remainder when 107214 is divided by 7547?
1556
What is the remainder when 390182 is divided by 11801?
749
Calculate the remainder when 31104650 is divided by 27024.
26
What is the remainder when 53919 is divided by 26955?
9
Calculate the remainder when 1810843 is divided by 452710.
3
Calculate the remainder when 21080687 is divided by 21380.
7
What is the remainder when 461606 is divided by 207?
203
What is the remainder when 579846 is divided by 396?
102
Calculate the remainder when 22264 is divided by 669.
187
Calculate the remainder when 61093 is divided by 59584.
1509
What is the remainder when 247827227 is divided by 70?
67
What is the remainder when 619392 is divided by 154646?
808
What is the remainder when 85249 is divided by 9431?
370
What is the remainder when 3497767 is divided by 1165922?
1
Calculate the remainder when 33637339 is divided by 110.
109
What is the remainder when 142707 is divided by 47567?
6
What is the remainder when 19543246 is divided by 723819?
133
Calculate the remainder when 1132365 is divided by 1131966.
399
What is the remainder when 38029 is divided by 1146?
211
Calculate the remainder when 1716271 is divided by 781.
414
Calculate the remainder when 181528 is divided by 956.
844
Calculate the remainder when 11272633 is divided by 3757538.
19
What is the remainder when 51739758 is divided by 1981?
0
What is the remainder when 12543 is divided by 2986?
599
What is the remainder when 166562512 is divided by 85?
82
What is the remainder when 3479 is divided by 168?
119
Calculate the remainder when 2273795 is divided by 2273787.
8
Calculate the remainder when 128676 is divided by 371.
310
What is the remainder when 29006 is divided by 7190?
246
What is the remainder when 2850894 is divided by 570176?
14
What is the remainder when 1485341813 is divided by 7096?
7093
What is the remainder when 263923 is divided by 6132?
247
Calculate the remainder when 1836231 is divided by 265.
46
Calculate the remainder when 1816033 is divided by 7093.
225
What is the remainder when 481696 is divided by 21889?
138
Calculate the remainder when 857985 is divided by 373.
85
Calculate the remainder when 4738773 is divided by 14.
11
Calculate the remainder when 331299790 is divided by 491.
486
What is the remainder when 609334 is divided by 317?
60
What is the remainder when 765661 is divided by 7041?
5233
What is the remainder when 2398746 is divided by 50?
46
What is the remainder when 832745 is divided by 991?
305
What is the remainder when 161944 is divided by 1227?
1207
What is the remainder when 14466844 is divided by 17?
14
What is the remainder when 1058724699 is divided by 275?
274
Calculate the remainder when 19348051 is divided by 2764000.
51
What is the remainder when 1952816 is divided by 108488?
32
Calculate the remainder when 102896 is divided by 49137.
4622
What is the remainder when 7603289 is divided by 475205?
9
Calculate the remainder when 899275 is divided by 16652.
67
What is the remainder when 796417 is divided by 13964?
469
Calculate the remainder when 54815 is divided by 6457.
3159
Calculate the remainder when 2662397 is divided by 665594.
21
What is the remainder when 22466 is divided by 11181?
104
What is the remainder when 321226 is divided by 159573?
2080
Calculate the remainder when 353022 is divided by 395.
287
Calculate the remainder when 37416 is divided by 3.
0
Calculate the remainder when 25637 is divided by 24625.
1012
What is the remainder when 16263414 is divided by 198334?
26
Calculate the remainder when 33685 is divided by 5534.
481
What is the remainder when 195553 is divided by 1369?
1155
Calculate the remainder when 17394 is divided by 2874.
150
Calculate the remainder when 11350 is divided by 5293.
764
Calculate the remainder when 50112 is divided by 2946.
30
What is the remainder when 44289609 is divided by 2148?
2145
Calculate the remainder when 27482542 is divided by 11.
10
What is the remainder when 28105864 is divided by 4515?
4504
Calculate the remainder when 15870408 is divided by 727.
725
What is the remainder when 53521715 is divided by 2816931?
26
Calculate the remainder when 1244997 is divided by 318.
27
Calculate the remainder when 135987 is divided by 27013.
922
What is the remainder when 138721 is divided by 1613?
3
What is the remainder when 31429 is divided by 1370?
1289
What is the remainder when 769048 is divided by 85090?
3238
Calculate the remainder when 364819 is divided by 35.
14
Calculate the remainder when 244414 is divided by 307.
42
Calculate the remainder when 7593076 is divided by 231.
106
Calculate the remainder when 43269117 is divided by 2880.
2877
Calculate the remainder when 515303 is divided by 653.
86
Calculate the remainder when 1615649 is divided by 807464.
721
What is the remainder when 15551179 is divided by 39?
7
What is the remainder when 10693311 is divided by 32?
31
What is the remainder when 1745843 is divided by 906?
887
What is the remainder when 265950975 is divided by 76?
71
Calculate the remainder when 11622889 is divided by 2905719.
13
What is the remainder when 11093050 is divided by 101771?
11
What is the remainder when 1066367 is divided by 3906?
29
What is the remainder when 261645 is divided by 893?
889
Calculate the remainder when 70661419 is divided by 129.
121
What is the remainder when 5310 is divided by 1543?
681
What is the remainder when 250604 is divided by 2142?
2132
What is the remainder when 3894923 is divided by 79488?
11
Calculate the remainder when 4768976 is divided by 127.
126
What is the remainder when 236997 is divided by 5147?
235
What is the remainder when 188844 is divided by 68?
8
What is the remainder when 30635804 is divided by 526?
512
Calculate the remainder when 13366365 is divided by 1220.
45
Calculate the remainder when 3728861 is divided by 143414.
97
What is the remainder when 660567 is divided by 660566?
1
Calculate the remainder when 997005 is divided by 53.
22
Calculate the remainder when 160507 is divided by 7183.
2481
What is the remainder when 294663 is divided by 10155?
168
Calculate the remainder when 3369452 is divided by 14.
2
What is the remainder when 121250 is divided by 1135?
940
Calculate the remainder when 836836 is div